greatest common divisor of 146373 and 363459.
291
What is the highest common divisor of 3507 and 509481?
21
Calculate the highest common factor of 18201606 and 3977772.
9426
What is the greatest common factor of 39215 and 710930?
1265
Calculate the greatest common factor of 522 and 17541.
9
What is the greatest common divisor of 19998225 and 236925?
8775
What is the greatest common factor of 12087 and 31494693?
4029
What is the greatest common factor of 1775322 and 21?
3
Calculate the greatest common divisor of 90456 and 43944.
24
Calculate the highest common factor of 8234064 and 611056.
3376
Calculate the greatest common factor of 14434236 and 308508.
6564
What is the highest common divisor of 165 and 3783255?
15
What is the highest common divisor of 3728 and 10741999?
233
Calculate the greatest common factor of 2210958 and 9153.
1017
What is the greatest common divisor of 924443 and 210137?
799
What is the highest common factor of 43600 and 24400?
400
Calculate the greatest common divisor of 215 and 80680255.
215
What is the highest common divisor of 1317060 and 50948?
1084
What is the highest common factor of 1132 and 1572065?
283
What is the highest common factor of 17980765 and 715?
55
What is the highest common factor of 3 and 134635?
1
What is the highest common factor of 704079 and 335619?
801
Calculate the highest common divisor of 33782 and 3771614.
266
Calculate the greatest common factor of 21653182 and 329.
47
Calculate the highest common divisor of 2377243115 and 8605.
8605
Calculate the greatest common divisor of 28 and 83041968.
4
What is the greatest common divisor of 5797438 and 14693?
2099
Calculate the greatest common factor of 707227796 and 27786.
9262
Calculate the greatest common factor of 65 and 1010805.
5
Calculate the highest common divisor of 147340 and 16260.
20
What is the highest common divisor of 620 and 4266530?
310
Calculate the highest common factor of 871 and 1159548.
13
Calculate the highest common divisor of 102 and 55438666.
34
What is the greatest common factor of 36593445 and 16905?
735
What is the highest common divisor of 70 and 80542?
14
Calculate the highest common factor of 8633781 and 21.
3
What is the highest common divisor of 7208 and 539593?
53
What is the greatest common factor of 54684 and 44082?
558
What is the highest common divisor of 48565 and 249789221?
9713
Calculate the highest common factor of 10012 and 98.
2
What is the highest common factor of 39439888 and 3632?
3632
Calculate the highest common divisor of 352250 and 116500.
250
What is the highest common divisor of 116 and 111195744?
116
Calculate the greatest common divisor of 25731322 and 724.
362
Calculate the greatest common factor of 64845 and 10206210.
1965
What is the greatest common divisor of 36116495 and 226?
113
Calculate the greatest common factor of 1664 and 1164033.
13
Calculate the highest common factor of 39183476 and 71492.
1172
Calculate the greatest common factor of 25 and 81434350.
25
Calculate the greatest common factor of 1787266 and 3445.
689
Calculate the highest common divisor of 60217922 and 872.
218
What is the greatest common factor of 36346583 and 1274?
637
Calculate the greatest common factor of 64499153 and 23.
23
What is the highest common factor of 42 and 71992200?
42
Calculate the greatest common divisor of 35 and 11837.
7
What is the greatest common divisor of 402 and 773270919?
201
What is the greatest common factor of 88870482 and 161?
23
Calculate the highest common divisor of 2749130 and 40.
10
Calculate the greatest common factor of 203 and 16374415.
29
Calculate the greatest common factor of 14048059 and 15231.
5077
Calculate the highest common factor of 6110772 and 37.
37
What is the greatest common factor of 30036 and 129852?
12
Calculate the greatest common factor of 36540 and 1089900.
1260
Calculate the highest common divisor of 1616 and 474937552.
1616
What is the greatest common factor of 59088 and 251?
1
What is the greatest common divisor of 21900063 and 27?
3
What is the greatest common factor of 38 and 956263426?
38
What is the highest common divisor of 35959 and 40502?
77
Calculate the highest common factor of 198225 and 17100.
225
What is the greatest common factor of 200 and 11249530?
10
Calculate the greatest common divisor of 12848038 and 10476.
194
Calculate the highest common factor of 434150 and 3135.
95
Calculate the highest common divisor of 2571397 and 3189.
1063
What is the greatest common factor of 3054 and 37990233?
1527
What is the greatest common factor of 4884252698 and 1742?
1742
Calculate the highest common divisor of 47012534 and 127982.
1438
Calculate the greatest common divisor of 10950553 and 46.
23
What is the highest common divisor of 2873892 and 406?
14
What is the highest common divisor of 16600 and 2397455?
415
What is the greatest common divisor of 28116 and 26338444?
3124
Calculate the greatest common divisor of 9 and 1656661068.
9
Calculate the greatest common divisor of 111510 and 21281890.
4130
What is the highest common divisor of 1442 and 164479?
7
What is the greatest common divisor of 114 and 7900326?
6
What is the greatest common divisor of 927267185 and 65?
65
Calculate the greatest common factor of 4865628 and 1128.
564
Calculate the greatest common divisor of 1190 and 132730.
10
Calculate the highest common factor of 21005184 and 1123584.
7296
Calculate the highest common divisor of 903892 and 605.
11
What is the greatest common divisor of 2745 and 19097880?
915
What is the highest common factor of 80311 and 5249717?
1639
What is the highest common divisor of 2155325 and 1606?
73
What is the greatest common factor of 2571504 and 4212?
156
What is the greatest common factor of 225211162 and 471?
157
What is the greatest common divisor of 9435 and 1002145?
185
What is the highest common factor of 53627448 and 168?
168
Calculate the highest common factor of 1746 and 2588154.
582
Calculate the highest common factor of 5194 and 77515256.
5194
Calculate the greatest common factor of 423806 and 22852.
58
Calculate the greatest common factor of 287528 and 133096.
1016
Calculate the greatest common factor of 766 and 13375509.
383
Calculate the highest common factor of 20041 and 904197.
49
What is the highest common divisor of 46 and 51886438?
2
What is the greatest common factor of 20316 and 11904?
12
Calculate the highest common factor of 14281 and 5216320903.
14281
Calculate the highest common factor of 3538 and 1381850.
58
What is the greatest common factor of 8 and 6494598?
2
What is the greatest common divisor of 9648 and 413317104?
3216
Calculate the greatest common factor of 50 and 186840575.
25
What is the highest common divisor of 23 and 91511066?
23
What is the highest common divisor of 25189668 and 336?
84
What is the greatest common factor of 2658564 and 5004?
36
What is the highest common divisor of 6 and 964759722?
6
What is the greatest common divisor of 55643 and 58142?
7
What is the highest common factor of 1160957 and 57722?
931
Calculate the highest common divisor of 1178 and 309079517.
589
What is the greatest common divisor of 799606173 and 4671?
519
What is the greatest common divisor of 3485 and 95973415?
3485
What is the highest common factor of 166469 and 7625?
61
What is the greatest common factor of 770 and 12156886?
14
What is the greatest common divisor of 65 and 1595135?
5
Calculate the greatest common divisor of 133677 and 9531.
27
What is the greatest common factor of 1413368994 and 274?
274
What is the greatest common factor of 63520178 and 3844?
1922
What is the highest common divisor of 15809063 and 2177?
311
Calculate the greatest common divisor of 23961644 and 410368.
6412
Calculate the highest common factor of 6149313 and 423.
9
What is the greatest common factor of 315040 and 11176?
88
What is the greatest common divisor of 84 and 202946982?
42
What is the greatest common divisor of 16912 and 8039542?
2114
What is the greatest common factor of 7372 and 198575878?
3686
What is the highest common divisor of 42200919 and 13566?
969
Calculate the greatest common factor of 26137 and 140431.
443
What is the greatest common factor of 7471 and 11835992?
241
Calculate the highest common factor of 234031 and 2385803.